{"id":329,"date":"2026-03-22T18:24:29","date_gmt":"2026-03-22T17:24:29","guid":{"rendered":"https:\/\/ambiguity.amkl.edu.pl\/?page_id=329"},"modified":"2026-04-22T20:29:53","modified_gmt":"2026-04-22T18:29:53","slug":"o-nas","status":"publish","type":"page","link":"https:\/\/ambiguity.amkl.edu.pl\/?page_id=329","title":{"rendered":"o nas"},"content":{"rendered":"\n<p>Ko\u0142o Naukowo-Artystyczne Kompozycji i Teorii Muzyki (KNAKiTM) to organizacja studencka dzia\u0142aj\u0105ca pod Instytutem Kompozycji oraz Katedr\u0105 Teorii Muzyki i Historii \u015al\u0105skiej Kultury Muzycznej Akademii Muzycznej im. Karola Lipi\u0144skiego we Wroc\u0142awiu. Zrzeszamy przede wszystkim studentki i student\u00f3w kierunk\u00f3w kompozycja i teoria muzyki oraz dyrygentura, ale tak\u017ce innych, zainteresowanych nasz\u0105 dzia\u0142alno\u015bci\u0105. Prowadzimy inicjatywy organizatorskie oraz popularyzacyjne, zogniskowane g\u0142\u00f3wnie na promocj\u0119 muzyki wsp\u00f3\u0142czesnej, w tym tworzonej przez student\u00f3w wroc\u0142awskiej Akademii Muzycznej. W ramach projekt\u00f3w Ko\u0142a odbywaj\u0105 si\u0119 tak\u017ce warsztaty oraz badania. Obok Koncert\u00f3w Kompozytorskich, jednym z najwa\u017cniejszych, cyklicznie organizowanych, wydarze\u0144 jest Studencka Konferencja Naukowa <em>Wieloznaczno\u015b\u0107 D\u017awi\u0119ku<\/em>. Nasz zesp\u00f3\u0142 \u015bci\u015ble wsp\u00f3\u0142pracuje z Ko\u0142em Artystyczno-Naukowym Nowych Medi\u00f3w (KAANM) naszej Uczelni, a tak\u017ce z ko\u0142ami naukowymi innych o\u015brodk\u00f3w naukowych i artystycznych Wroc\u0142awia.<\/p>\n\n\n\n<p>Zarz\u0105d Ko\u0142a:<br>Oskar Hrankowski \u2013 przewodnicz\u0105cy<br>Anastazja Delebbare-Debay \u2013 wiceprzewodnicz\u0105ca<br>Maria Szcze\u015bniak \u2013 sekretarz<\/p>\n\n\n\n<p>Opieka naukowa: mgr Urszula Koza (kompozycja), mgr Joanna Ko\u0142odziejska (teoria muzyki)<\/p>\n\n\n\n<p><strong>Wieloznaczno\u015b\u0107 D\u017awi\u0119ku \u2013 zesp\u00f3\u0142<\/strong><\/p>\n\n\n\n<p>Organizacja Konferencji to przedsi\u0119wzi\u0119cie anga\u017cuj\u0105ce wiele os\u00f3b, niemal wszystkich cz\u0142onk\u00f3w Ko\u0142a, jednak najwi\u0119cej pracy wk\u0142ada w ni\u0105 Komitet Organizacyjny w sk\u0142adzie: Oskar Hrankowski, Mi\u0142osz Kozak, Karolina Ku\u0142aga, Ewa Materak, Laura Papiernik i Maria Szcze\u015bniak. Kierownikiem organizacyjnym Komitetu jest Natalia Bia\u0142ecka, a opiek\u0119 merytoryczn\u0105 nad projektem sprawuje mgr Joanna Ko\u0142odziejska.<\/p>\n\n\n\n<div class=\"wp-block-buttons is-content-justification-left is-layout-flex wp-container-core-buttons-is-layout-fc4fd283 wp-block-buttons-is-layout-flex\">\n<div class=\"wp-block-button has-custom-width wp-block-button__width-50 is-style-fill\"><a class=\"wp-block-button__link has-white-color has-black-background-color has-text-color has-background has-link-color wp-element-button\" href=\"https:\/\/www.facebook.com\/events\/1496654888485966\/?ref_source=NEWS_FEED\" style=\"padding-top:var(--wp--preset--spacing--20);padding-right:var(--wp--preset--spacing--20);padding-bottom:var(--wp--preset--spacing--20);padding-left:var(--wp--preset--spacing--20)\">\u015aled\u017a wydarzenie na Facebooku<\/a><\/div>\n<\/div>\n\n\n\n<p>Projekt Studenckie Forum D\u017awi\u0119ku zosta\u0142 dofinansowany ze \u015brodk\u00f3w Gminy Wroc\u0142aw w ramach programu Fundusz Aktywno\u015bci Studenckiej (FAST), realizowanego przez Wroc\u0142awskie Centrum Akademickie.<\/p>\n","protected":false},"excerpt":{"rendered":"<p>Ko\u0142o Naukowo-Artystyczne Kompozycji i Teorii Muzyki (KNAKiTM) to organizacja studencka dzia\u0142aj\u0105ca pod Instytutem Kompozycji oraz Katedr\u0105 Teorii Muzyki i Historii \u015al\u0105skiej Kultury Muzycznej Akademii Muzycznej im. Karola Lipi\u0144skiego we Wroc\u0142awiu. Zrzeszamy przede wszystkim studentki i student\u00f3w kierunk\u00f3w kompozycja i teoria muzyki oraz dyrygentura, ale tak\u017ce innych, zainteresowanych nasz\u0105 dzia\u0142alno\u015bci\u0105. Prowadzimy inicjatywy organizatorskie oraz popularyzacyjne, zogniskowane [&hellip;]<\/p>\n","protected":false},"author":4,"featured_media":0,"parent":0,"menu_order":0,"comment_status":"closed","ping_status":"closed","template":"","meta":{"footnotes":""},"class_list":["post-329","page","type-page","status-publish","hentry"],"_links":{"self":[{"href":"https:\/\/ambiguity.amkl.edu.pl\/index.php?rest_route=\/wp\/v2\/pages\/329","targetHints":{"allow":["GET"]}}],"collection":[{"href":"https:\/\/ambiguity.amkl.edu.pl\/index.php?rest_route=\/wp\/v2\/pages"}],"about":[{"href":"https:\/\/ambiguity.amkl.edu.pl\/index.php?rest_route=\/wp\/v2\/types\/page"}],"author":[{"embeddable":true,"href":"https:\/\/ambiguity.amkl.edu.pl\/index.php?rest_route=\/wp\/v2\/users\/4"}],"replies":[{"embeddable":true,"href":"https:\/\/ambiguity.amkl.edu.pl\/index.php?rest_route=%2Fwp%2Fv2%2Fcomments&post=329"}],"version-history":[{"count":16,"href":"https:\/\/ambiguity.amkl.edu.pl\/index.php?rest_route=\/wp\/v2\/pages\/329\/revisions"}],"predecessor-version":[{"id":453,"href":"https:\/\/ambiguity.amkl.edu.pl\/index.php?rest_route=\/wp\/v2\/pages\/329\/revisions\/453"}],"wp:attachment":[{"href":"https:\/\/ambiguity.amkl.edu.pl\/index.php?rest_route=%2Fwp%2Fv2%2Fmedia&parent=329"}],"curies":[{"name":"wp","href":"https:\/\/api.w.org\/{rel}","templated":true}]}}

<p>Koło Naukowo-Artystyczne Kompozycji i Teorii Muzyki (KNAKiTM) to organizacja studencka działająca pod Instytutem Kompozycji oraz Katedrą Teorii Muzyki i Historii Śląskiej Kultury Muzycznej Akademii Muzycznej im. Karola Lipińskiego we Wrocławiu. Zrzeszamy przede wszystkim studentki i studentów kierunków kompozycja i teoria muzyki oraz dyrygentura, ale także innych, zainteresowanych naszą działalnością. Prowadzimy inicjatywy organizatorskie oraz popularyzacyjne, zogniskowane głównie na promocję muzyki współczesnej, w tym tworzonej przez studentów wrocławskiej Akademii Muzycznej. W ramach projektów Koła odbywają się także warsztaty oraz badania. Obok Koncertów Kompozytorskich, jednym z najważniejszych, cyklicznie organizowanych, wydarzeń jest Studencka Konferencja Naukowa <em>Wieloznaczność Dźwięku</em>. Nasz zespół ściśle współpracuje z Kołem Artystyczno-Naukowym Nowych Mediów (KAANM) naszej Uczelni, a także z kołami naukowymi innych ośrodków naukowych i artystycznych Wrocławia.</p>



<p>Zarząd Koła:<br>Oskar Hrankowski – przewodniczący<br>Anastazja Delebbare-Debay – wiceprzewodnicząca<br>Maria Szcześniak – sekretarz</p>



<p>Opieka naukowa: mgr Urszula Koza (kompozycja), mgr Joanna Kołodziejska (teoria muzyki)</p>



<p><strong>Wieloznaczność Dźwięku – zespół</strong></p>



<p>Organizacja Konferencji to przedsięwzięcie angażujące wiele osób, niemal wszystkich członków Koła, jednak najwięcej pracy wkłada w nią Komitet Organizacyjny w składzie: Oskar Hrankowski, Miłosz Kozak, Karolina Kułaga, Ewa Materak, Laura Papiernik i Maria Szcześniak. Kierownikiem organizacyjnym Komitetu jest Natalia Białecka, a opiekę merytoryczną nad projektem sprawuje mgr Joanna Kołodziejska.</p>



<div class="wp-block-buttons is-content-justification-left is-layout-flex wp-container-core-buttons-is-layout-fc4fd283 wp-block-buttons-is-layout-flex">
<div class="wp-block-button has-custom-width wp-block-button__width-50 is-style-fill"><a class="wp-block-button__link has-white-color has-black-background-color has-text-color has-background has-link-color wp-element-button" href="https://www.facebook.com/events/1496654888485966/?ref_source=NEWS_FEED" style="padding-top:var(--wp--preset--spacing--20);padding-right:var(--wp--preset--spacing--20);padding-bottom:var(--wp--preset--spacing--20);padding-left:var(--wp--preset--spacing--20)">Śledź wydarzenie na Facebooku</a></div>
</div>



<p>Projekt Studenckie Forum Dźwięku został dofinansowany ze środków Gminy Wrocław w ramach programu Fundusz Aktywności Studenckiej (FAST), realizowanego przez Wrocławskie Centrum Akademickie.</p>

<p>Koło Naukowo-Artystyczne Kompozycji i Teorii Muzyki (KNAKiTM) to organizacja studencka działająca pod Instytutem Kompozycji oraz Katedrą Teorii Muzyki i Historii Śląskiej Kultury Muzycznej Akademii Muzycznej im. Karola Lipińskiego we Wrocławiu. Zrzeszamy przede wszystkim studentki i studentów kierunków kompozycja i teoria muzyki oraz dyrygentura, ale także innych, zainteresowanych naszą działalnością. Prowadzimy inicjatywy organizatorskie oraz popularyzacyjne, zogniskowane [&hellip;]</p>
